1688b
24445052 (base 7) to base 15
2d5b2b
What is 233223323201 (base 4) in base 15?
116dda5
-278616 (base 9) to base 11
-106aa1
-121321041 (base 5) to base 12
-237907
What is a9211a (base 15) in base 16?
7aee37
235197 (base 12) to base 15
b37d1
Convert 41454242 (base 8) to base 2.
100001100101100010100010
What is 25d74a (base 14) in base 6?
43544530
What is 181100a (base 11) in base 16?
2eef6f
Convert -76180 (base 12) to base 8.
-460160
What is 10555551 (base 6) in base 9?
546884
Convert -a6ab (base 14) to base 12.
-14793
Convert 103020312 (base 5) to base 15.
8a057
-5004404 (base 6) to base 4
-321030310
What is 3d5b59 (base 14) in base 15?
2c0b75
-22230342 (base 5) to base 4
-233302022
Convert 751070 (base 9) to base 6.
13325100
110ba2 (base 16) to base 5
241221330
10331450 (base 6) to base 4
1023011112
-cb1b (base 15) to base 5
-2334001
Convert -340122 (base 11) to base 16.
-844a6
What is -543814 (base 9) in base 6?
-10541321
Convert 144228 (base 9) to base 10.
88397
-57225 (base 9) to base 4
-21103031
Convert -1714493 (base 10) to base 11.
-a71140
Convert -2232450 (base 8) to base 6.
-20533400
What is -11011110011011011 (base 2) in base 4?
-123303123
1120222221 (base 3) to base 14
b5cd
Convert 15a7a2 (base 12) to base 7.
3103256
What is 431771 (base 8) in base 12?
6b675
What is -1802734 (base 9) in base 2?
-11110101100101000001
What is 10415404 (base 6) in base 13?
ac954
What is 314bd7 (base 14) in base 2?
110010110100010111001
What is -1087619 (base 10) in base 7?
-12146621
Convert 151c9a5 (base 13) to base 4.
121231132033
-1d32da (base 14) to base 8
-3773040
What is -882405 (base 11) in base 15?
-1cc5c7
What is 393f9 (base 16) in base 7?
1664433
Convert -211131303 (base 5) to base 15.
-125c03
45355 (base 13) to base 10
125806
-2bb85 (base 16) to base 3
-100002122111
What is 100012002 (base 3) in base 13?
3083
Convert 537817 (base 10) to base 9.
1008664
20c165 (base 13) to base 9
1402128
Convert -43333 (base 8) to base 11.
-126a0
Convert -1000001111010010001 (base 2) to base 4.
-1001322101
Convert 1555467 (base 9) to base 11.
53a85a
7198306 (base 10) to base 11
4077215
Convert 402b71 (base 14) to base 11.
1245133
-4344332 (base 5) to base 4
-102103113
What is 59cac7 (base 13) in base 12?
873517
What is -3b0b40 (base 16) in base 2?
-1110110000101101000000
Convert 101110101100001000 (base 2) to base 8.
565410
384565 (base 9) to base 5
24424030
What is -a9805 (base 14) in base 8?
-1441475
What is -3b78b (base 13) in base 15?
-22ded
What is 10211402 (base 5) in base 11?
5903a
What is -11677183 (base 10) in base 15?
-1059d8d
What is 100101110000110001 (base 2) in base 8?
456061
What is 1111000101110101101001 (base 2) in base 9?
7388636
Convert 4491a4 (base 11) to base 14.
1487c2
-1066233 (base 7) to base 13
-4913a
6660540 (base 7) to base 11
511161
Convert 2142314 (base 6) to base 3.
12102112101
What is -321775 (base 10) in base 5?
-40244100
What is -166138 (base 9) in base 14?
-29705
What is -10121123321 (base 4) in base 15?
-17b85b
3561542 (base 10) to base 2
1101100101100001000110
Convert 54d88 (base 14) to base 7.
1514531
Convert 111101100101111101110111 (base 2) to base 13.
3464329
Convert -516336 (base 11) to base 8.
-3121574
-d2099 (base 14) to base 13
-148b47
Convert -2905092 (base 12) to base 16.
-7d6e2e
-3031041 (base 5) to base 10
-48896
What is 15b572 (base 12) in base 13?
100616
12ba631 (base 12) to base 2
1110001110101000000101
Convert 34510414 (base 6) to base 16.
10470a
What is -1a991c2 (base 13) in base 15?
-b92628
What is -2006427 (base 10) in base 16?
-1e9d9b
Convert 50001555 (base 6) to base 14.
28635d
What is -100100011110001011 (base 2) in base 14?
-3c627
Convert 2211461 (base 7) to base 3.
111210222012
-5364 (base 13) to base 15
-3669
What is 14225143 (base 7) in base 10?
1334350
4431132 (base 5) to base 6
1352402
Convert -4049010 (base 11) to base 3.
-111110121021121
65220361 (base 7) to base 13
11cc551
What is a445b (base 12) in base 5?
23334134
Convert 34431411 (base 5) to base 8.
1140271
Convert -131302023 (base 4) to base 14.
-3265d
What is 144807 (base 10) in base 14?
3aab5
-15245301 (base 6) to base 5
-114111031
What is 100010010100000101110 (base 2) in base 4?
10102200232
What is -3a16a (base 16) in base 8?
-720552
Convert -1210111022110 (base 3) to base 5.
-221020424
Convert -10b930 (base 12) to base 14.
-70148
What is -7355470 (base 8) in base 6?
-105534344
Convert -5152a2 (base 14) to base 15.
-3925b0
101101001212 (base 3) to base 13
71c15
Convert 31501304 (base 6) to base 5.
214110142
What is 181b16 (base 16) in base 11?
989a20
What is -565a92 (base 16) in base 7?
-66050236
What is -221102022122111 (base 3) in base 6?
-1201312534
7462 (base 16) to base 4
13101202
-d2ec (base 15) to base 9
-67086
What is 16616215 (base 8) in base 13?
a5838b
What is -472038 (base 13) in base 6?
-100113540
What is 167a3 (base 12) in base 14?
ba67
33bcd2 (base 15) to base 3
11122111020022
What is -2b8438 (base 13) in base 11?
-674784
Convert 2151341 (base 6) to base 3.
12111000221
What is -23044256 (base 7) in base 13?
-555539
8d7b8 (base 14) to base 7
2633321
What is -66a74 (base 11) in base 7?
-553105
What is -3620a2 (base 12) in base 2?
-11010101011111111010
68260 (base 13) to base 7
1416031
73830 (base 9) to base 13
19290
-301310110 (base 4) to base 3
-101100220111
Convert 79b566 (base 15) to base 8.
26122674
What is 1040166 (base 7) in base 4?
133011312
What is -71834 (base 11) in base 7?
-614415
Convert -18682365 (base 9) to base 5.
-4404134124
Convert 5721 (base 10) to base 11.
4331
What is -917cb (base 13) in base 2?
-111111100111110100
Convert -1002121112212012 (base 3) to base 9.
-32545765
What is -3665a (base 11) in base 10?
-52700
-c8d05 (base 14) to base 10
-485497
What is 14504505 (base 6) in base 4?
1323221321
Convert -40013340 (base 6) to base 9.
-2088756
-58b9 (base 12) to base 7
-40650
14323100 (base 6) to base 14
cba20
-1a29197 (base 11) to base 12
-1191287
-560795 (base 12) to base 6
-45205105
Convert 22603622 (base 7) to base 2.
111100100100000110101
-a4824a (base 15) to base 2
-11101110110000110011010
507362 (base 15) to base 4
32210323103
-50312120 (base 6) to base 11
-893509
Convert -103115451 (base 6) to base 13.
-4c0bb5
Convert -25d8c (base 14) to base 16.
-16c28
Convert -44251007 (base 8) to base 11.
-5415347
5210302 (base 7) to base 3
1011201112021
25ec4 (base 15) to base 5
12341314
What is 170a77 (base 11) in base 10?
264832
Convert 201222100002112 (base 3) to base 14.
15a4a10
Convert 499583 (base 16) to base 2.
10010011001010110000011
What is 1304244 (base 7) in base 5?
20411242
Convert -280057 (base 14) to base 5.
-323224203
What is -423227 (base 9) in base 3?
-110210020221
What is -22123122302 (base 4) in base 12?
-aba042
What is 394837 (base 15) in base 10?
2749102
What is -21b936 (base 13) in base 5?
-201000010
Convert 983246 (base 10) to base 16.
f00ce
Convert 726840 (base 9) to base 5.
102302043
What is 103314423 (base 5) in base 11?
286746
-451054 (base 7) to base 15
-188ca
Convert 211000333 (base 4) to base 2.
100101000000111111
-84661 (base 9) to base 4
-31222021
Convert -1432413 (base 8) to base 10.
-406795
What is 16467a2 (base 11) in base 8?
12547200
What is -42333443 (base 5) in base 7?
-3010303
-10a74b (base 14) to base 15
-b2da3
Convert -4f3e4 (base 16) to base 8.
-1171744
-673276 (base 8) to base 2
-110111011010111110
Convert -11035181 (base 9) to base 16.
-517324
What is -115557 (base 12) in base 3?
-112011201011
1026367 (base 9) to base 5
120033431
What is 113001324 (base 5) in base 14?
d5db9
What is -22522401 (base 6) in base 14?
-141517
Convert -4566045 (base 7) to base 13.
-16cc5c
Convert 2023210 (base 5) to base 11.
22817
What is -20330546 (base 7) in base 9?
-3177722
What is 150121 (base 11) in base 12?
b3794
Convert -241d4d (base 16) to base 5.
-1101214142
What is 1201022101 (base 3) in base 5?
2040020
Convert -221102201222 (base 3) to base 8.
-1721631
Convert -244a56 (base 11) to base 16.
-5e8bd
Convert 1e2b5 (base 16) to base 9.
207453
What is 502bc (base 16) in base 13?
b6610
Convert -13347123 (base 9) to base 14.
-c36168
What is 8940a (base 14) in base 5?
41122233
21120220110 (base 3) to base 7
1161333
Convert 10d91b (base 16) to base 10.
1104155
Convert 11111100100011